hest common divisor of j and f?
26
Let y be 17*1 + (-14)/7 + 3. Let a be (-272)/(-10) - (-6)/(-30). Calculate the greatest common factor of a and y.
9
Suppose -g + 71*g = 1890. What is the greatest common factor of 207 and g?
9
Let a be 45 - 4/12*3. Suppose -367 - a = -k. Suppose 4*g = k + 57. Calculate the highest common divisor of g and 13.
13
Let t = 138 + -122. What is the greatest common divisor of t and 40?
8
Suppose 3*f - 57 = -3*i, 4*f = 2*f + 4*i + 20. What is the highest common divisor of f and 272?
16
Suppose 3*g = 3*f + 447, 2*g - f + 75 - 376 = 0. Let u be -2 + 1 + (39 - 0). Calculate the highest common factor of u and g.
38
Let z = 129 + -129. Suppose z = 3*v - 4*c - 734, 3*v + 2*v + 5*c - 1200 = 0. What is the highest common factor of v and 22?
22
Let t = -129 - -221. What is the greatest common divisor of 828 and t?
92
Let o be (-4)/(-18) - 3/(27/(-1033)). Let w(r) = -28*r - 5. Let h be w(-1). What is the highest common divisor of h and o?
23
Suppose -3 = 4*p - 15. Let j be (2/4)/(p/(-24)). Let s be 1 + 7*j/(-2). What is the highest common factor of s and 10?
5
Let j be ((-2)/6)/((-9)/189). Calculate the greatest common factor of 224 and j.
7
Let b = -194 - -272. Calculate the highest common factor of 130 and b.
26
Suppose 0 = -5*s + 3*p + 126, -s + 49 - 7 = 5*p. What is the highest common divisor of 513 and s?
27
Let t be 148/(-6) - (-4)/6. Let m = t - -2. Let z = m + 37. Calculate the highest common factor of 6 and z.
3
Let s be 5 + (-15)/(4/(-4)). What is the greatest common factor of 300 and s?
20
Suppose -n - 3 + 5 = 0. Suppose 0 = r - n*w - 17, -4*w - 55 = -r - 4*r. What is the greatest common factor of r and 35?
7
Suppose -s + 374 = 25*s + 10. Suppose -z - 195 = -2*b, -2*z - 96 = -2*b + b. What is the greatest common divisor of b and s?
14
Let l be (36/8 + -3)*1136/6. Suppose -3*v + 553 = 4*o, -4*o + 6*o + 4*v = l. Calculate the greatest common factor of o and 17.
17
Let y(s) = -2*s**3 + 29*s**2 + 16*s + 1. Let f be y(15). Let z(o) = 4*o + 4. Let i be z(3). Calculate the greatest common factor of f and i.
16
Let f be ((-8)/10)/(34/(-425)). Let b be (-2)/6 - 7/(-3). Let v be ((-2)/b)/(3/(-120)). Calculate the greatest common factor of f and v.
10
Let a = 3 + 6. Suppose -4*m - 3*k + 33 = 0, k + k + 2 = 0. Calculate the greatest common divisor of a and m.
9
Suppose 0 = 32*l - 2281 - 1463. Calculate the greatest common factor of l and 364.
13
Let r = -774 + 2028. Calculate the greatest common divisor of 44 and r.
22
Suppose 32*s - 30*s - 4 = 0. Let t be (s - 4)*-2*1. What is the greatest common divisor of 2 and t?
2
Let y(q) = 10 + 11*q**2 - 10 - q - 4*q**2. Suppose -4 = -2*m - 0*m. Let u be y(m). What is the greatest common divisor of u and 39?
13
Let k be 8/16*(-1 - -1). Let z be -18 - -35 - 2/(k - -1). What is the greatest common factor of 15 and z?
15
Suppose 4*s - 40 = s - 4*d, 41 = 3*s + 5*d. Let f be s/(((-108)/(-8))/9). What is the highest common divisor of f and 2?
2
Let g(t) = 2*t**3 - 6*t**2 + 8. Let o be g(4). Let m = o - 34. Let p(k) = -k**2 - 8*k + 2. Let i be p(-4). Calculate the greatest common factor of i and m.
6
Let a(q) = -q**2 + 6. Let x be a(0). Let k(d) = d**2 - 4*d. Let s be k(x). Suppose -s = -2*y - y. Calculate the highest common divisor of y and 20.
4
Suppose -10*d + 430 = 2*y - 15*d, -2*y = 2*d - 416. Calculate the highest common divisor of 15 and y.
15
Let r be (-804)/(-10) - 28/70. Let m(n) = 2*n**3 + 17*n**2 + 4*n - 16. Let b be m(-8). Calculate the greatest common divisor of r and b.
16
Let o = -910 + 2847. Calculate the greatest common divisor of o and 26.
13
Let m be (52/3)/((-8)/(-12)). Suppose -23*n - 126 = -m*n. What is the greatest common divisor of n and 126?
42
Suppose 5*t - 245 = 160. Let k(p) = -p**3 + 8*p**2 - 17*p + 28. Let y be k(5). What is the highest common divisor of y and t?
9
Suppose -5*f + 0*f + 47 = -2*o, -3*f + o = -29. Suppose -4*w = -2*w - 6. Suppose 2 = -w*c + f. Calculate the greatest common divisor of c and 3.
3
Let x(m) = -27*m - 77. Let d be x(-12). Suppose -3*n - a + d = -2*a, n = 2*a + 89. Calculate the greatest common divisor of n and 27.
27
Let j(o) = -o**3 - 12*o**2 - 32*o - 37. Let f be j(-14). What is the greatest common factor of f and 292?
73
Let u be (15/6)/((-1)/(-2)). Suppose s + 288 = u*s. Let t(w) = 5*w - 7. Let i be t(3). Calculate the highest common factor of s and i.
8
Let f(z) = 17*z - 266. Let u be f(28). Calculate the highest common factor of u and 90.
30
Let q(x) = -4*x**2 + 5*x**2 + 7*x**2 - 11*x - 9*x**2 - 13. Let a be q(-7). What is the greatest common factor of 45 and a?
15
Suppose -60 = -2*d - 2*j, d - 4*j = -0*j + 5. Suppose 0 = i - 6*i + d. What is the highest common factor of i and 85?
5
Suppose 4*k - 920 = -644. What is the greatest common divisor of k and 690?
69
Suppose -5*r + 3*f = 2*f - 130, 3*r = 2*f + 71. Let c = 55 - r. Calculate the highest common factor of c and 7.
7
Let n = 18 + -30. Let x be n*8*(-4)/24. Suppose 3*i + 640 = 8*i. Calculate the highest common factor of x and i.
16
Let v be (-140)/(-18) + (56/(-36))/(-7). Calculate the greatest common divisor of v and 8.
8
Suppose -14*a + 12*a + 210 = 0. What is the highest common divisor of a and 126?
21
Let x(k) = 3*k**2 - 2*k + 1. Let f = 5 + -4. Let j be x(f). Suppose b + j*r - 13 = 0, -3*r = -9*b + 4*b + 52. What is the highest common factor of 77 and b?
11
Suppose -24 = -2*p - 4*c, 0 = -3*p + 5*c - 3 - 5. Let s be (74 + 2)/p - -1. Calculate the highest common factor of 50 and s.
10
Suppose 600 = -2*v - v. Let u = -109 - v. Calculate the greatest common factor of u and 52.
13
Suppose -3*f + 633 = 39. Suppose 3*p + 0*p = f. Let t be (112/(-48))/(21/(-54)). What is the highest common factor of t and p?
6
Let b(t) = 9*t**2 - 5*t**2 + 11*t - 4*t**2 + t**2 - 4. Let l be b(-14). What is the greatest common divisor of 57 and l?
19
Suppose -3*k + 174 = -90. Suppose -4*y + y + 87 = 4*i, 4*i + k = 4*y. Calculate the greatest common divisor of y and 10.
5
Let q = -11 - -17. Let y(s) = -2*s**2 + 8*s + 6. Let r be y(q). Let m be r/(-4) - (-1)/2. What is the greatest common divisor of m and 5?
5
Suppose n = -23 + 240. What is the highest common divisor of 62 and n?
31
Let w(h) = 2*h**2 - 32*h - 78. Let n be w(19). Calculate the highest common divisor of 1044 and n.
36
Let v(c) = -c**2 - 22*c - 107. Let b be v(-10). What is the highest common divisor of 1014 and b?
13
Suppose 6*d - 6053 - 2479 = 0. What is the highest common factor of d and 18?
18
Suppose -75 = -p + 62. Let f = p + -82. What is the greatest common factor of f and 5?
5
Let w be 1 + 5 + -3 + 0. Let y be (-112)/(-24) - 2/(-6). Suppose 0 = w*n - y*x + 12 - 103, 100 = 3*n + 4*x. What is the greatest common divisor of 48 and n?
16
Let p be 770/242 - ((-20)/11 + 2). Let d(f) = 119*f. Let a be d(1). Suppose -r = -5*s - 53, r + 2*r - a = 5*s. Calculate the highest common factor of r and p.
3
Let k(v) = 3*v + 36. Let b be k(-10). Suppose b*u + 11 = 59. What is the greatest common divisor of 40 and u?
8
Suppose 8*r = -346 + 938. What is the greatest common factor of 6 and r?
2
Suppose -101 = -4*n - 2*c + 9, c = 2*n - 57. Let u = -60 - -68. Calculate the greatest common factor of u and n.
4
Let p = 24 - 22. Suppose -400 = -2*o + p*w, o + 8*w - 3*w - 176 = 0. What is the highest common factor of 28 and o?
28
Let i(d) = d**2 - d + 1. Let a(z) = 5*z - 6 - z**2 + 1 - 4*z**2 + 3. Let t(y) = a(y) + 6*i(y). Let v be t(0). Calculate the highest common divisor of 4 and v.
4
Suppose -4*b = -9*b + 25. Suppose -2*s + b = -19. Let v be (108/21)/(-6*(-3)/84). What is the greatest common factor of v and s?
12
Suppose -58 = -8*q + 110. Calculate the greatest common factor of q and 105.
21
Suppose -1892 = -9*x + 3652. Let z = x + -352. What is the greatest common factor of 33 and z?
33
Let r = 442 + -440. What is the greatest common divisor of r and 23?
1
Let d be 3/21*-215 - (-4)/(-14). Let n = 74 - d. What is the greatest common divisor of n and 15?
15
Suppose -2*v + 3*u - 7*u + 400 = 0, 4*v - 4*u = 740. What is the greatest common factor of v and 10?
10
Let q = 3146 - 1531. Calculate the highest common divisor of q and 38.
19
Suppose 0 = -10*l + 92 + 28. Suppose 0 = -3*d - 37 + 214. Suppose -191 = -s - d. Calculate the greatest common diviso